me factors of 67531.
67531
List the prime factors of 2828.
2, 7, 101
List the prime factors of 23168.
2, 181
List the prime factors of 5459.
53, 103
List the prime factors of 9635.
5, 41, 47
List the prime factors of 11160.
2, 3, 5, 31
List the prime factors of 1558.
2, 19, 41
List the prime factors of 5737.
5737
What are the prime factors of 71751?
3, 23917
What are the prime factors of 16038?
2, 3, 11
List the prime factors of 29789.
29789
List the prime factors of 3738.
2, 3, 7, 89
List the prime factors of 3352.
2, 419
What are the prime factors of 922?
2, 461
List the prime factors of 2238.
2, 3, 373
List the prime factors of 16148.
2, 11, 367
List the prime factors of 5891.
43, 137
List the prime factors of 2034.
2, 3, 113
What are the prime factors of 75?
3, 5
What are the prime factors of 6271?
6271
What are the prime factors of 52995?
3, 5, 3533
What are the prime factors of 144?
2, 3
List the prime factors of 12648.
2, 3, 17, 31
What are the prime factors of 5013?
3, 557
What are the prime factors of 72453?
3, 24151
What are the prime factors of 9171?
3, 1019
List the prime factors of 53924.
2, 13, 17, 61
What are the prime factors of 1190?
2, 5, 7, 17
List the prime factors of 387.
3, 43
What are the prime factors of 1447?
1447
What are the prime factors of 1897?
7, 271
List the prime factors of 31794.
2, 3, 7, 757
List the prime factors of 1639.
11, 149
List the prime factors of 8566.
2, 4283
What are the prime factors of 78251?
17, 4603
List the prime factors of 254.
2, 127
What are the prime factors of 33267?
3, 13, 853
What are the prime factors of 37?
37
List the prime factors of 2716.
2, 7, 97
List the prime factors of 50444.
2, 12611
List the prime factors of 25944.
2, 3, 23, 47
What are the prime factors of 12354?
2, 3, 29, 71
What are the prime factors of 13893?
3, 11, 421
What are the prime factors of 337?
337
List the prime factors of 11504.
2, 719
List the prime factors of 945.
3, 5, 7
What are the prime factors of 1975?
5, 79
What are the prime factors of 14?
2, 7
List the prime factors of 12563.
17, 739
What are the prime factors of 58379?
58379
What are the prime factors of 339?
3, 113
What are the prime factors of 48781?
48781
List the prime factors of 2198.
2, 7, 157
List the prime factors of 9989.
7, 1427
List the prime factors of 4201.
4201
List the prime factors of 25872.
2, 3, 7, 11
What are the prime factors of 127311?
3, 42437
List the prime factors of 56691.
3, 6299
What are the prime factors of 6224?
2, 389
What are the prime factors of 339?
3, 113
List the prime factors of 252.
2, 3, 7
List the prime factors of 14801.
19, 41
List the prime factors of 1460.
2, 5, 73
List the prime factors of 775.
5, 31
List the prime factors of 736.
2, 23
List the prime factors of 164.
2, 41
What are the prime factors of 2949?
3, 983
What are the prime factors of 14703?
3, 13, 29
List the prime factors of 15393.
3, 7, 733
List the prime factors of 70613.
241, 293
What are the prime factors of 61028?
2, 11, 19, 73
List the prime factors of 3017.
7, 431
List the prime factors of 13385.
5, 2677
What are the prime factors of 2555?
5, 7, 73
What are the prime factors of 41409?
3, 43, 107
List the prime factors of 13335.
3, 5, 7, 127
What are the prime factors of 1027?
13, 79
List the prime factors of 15172.
2, 3793
List the prime factors of 65513.
7, 191
What are the prime factors of 6322?
2, 29, 109
What are the prime factors of 19607?
7, 2801
List the prime factors of 4957.
4957
List the prime factors of 578.
2, 17
What are the prime factors of 270?
2, 3, 5
List the prime factors of 53828.
2, 13457
List the prime factors of 6857.
6857
What are the prime factors of 29038?
2, 14519
What are the prime factors of 1345?
5, 269
List the prime factors of 60881.
23, 2647
List the prime factors of 1902.
2, 3, 317
What are the prime factors of 10393?
19, 547
List the prime factors of 532.
2, 7, 19
What are the prime factors of 12219?
3, 4073
List the prime factors of 43297.
29, 1493
What are the prime factors of 7002?
2, 3, 389
What are the prime factors of 291?
3, 97
What are the prime factors of 1775?
5, 71
List the prime factors of 810.
2, 3, 5
List the prime factors of 924.
2, 3, 7, 11
What are the prime factors of 20715?
3, 5, 1381
What are the prime factors of 3024?
2, 3, 7
List the prime factors of 57118.
2, 28559
List the prime factors of 7864.
2, 983
What are the prime factors of 1894?
2, 947
What are the prime factors of 5750?
2, 5, 23
What are the prime factors of 35471?
79, 449
List the prime factors of 6274.
2, 3137
List the prime factors of 5071.
11, 461
List the prime factors of 1286.
2, 643
List the prime factors of 148.
2, 37
What are the prime factors of 22500?
2, 3, 5
What are the prime factors of 956?
2, 239
What are the prime factors of 15577?
37, 421
List the prime factors of 145970.
2, 5, 11, 1327
List the prime factors of 63980.
2, 5, 7, 457
List the prime factors of 117833.
117833
List the prime factors of 7580.
2, 5, 379
What are the prime factors of 89891?
89891
What are the prime factors of 17124?
2, 3, 1427
What are the prime factors of 35108?
2, 67, 131
What are the prime factors of 39950?
2, 5, 17, 47
What are the prime factors of 17740?
2, 5, 887
List the prime factors of 6512.
2, 11, 37
What are the prime factors of 32606?
2, 7, 17, 137
List the prime factors of 168.
2, 3, 7
List the prime factors of 38557.
38557
What are the prime factors of 4557?
3, 7, 31
What are the prime factors of 1553?
1553
What are the prime factors of 1688?
2, 211
List the prime factors of 53489.
89, 601
List the prime factors of 1220.
2, 5, 61
What are the prime factors of 1161?
3, 43
What are the prime factors of 1641?
3, 547
List the prime factors of 930.
2, 3, 5, 31
List the prime factors of 28471.
71, 401
What are the prime factors of 7388?
2, 1847
What are the prime factors of 360?
2, 3, 5
List the prime factors of 90317.
37, 2441
What are the prime factors of 3321?
3, 41
What are the prime factors of 3031?
7, 433
List the prime factors of 3295.
5, 659
List the prime factors of 12281.
12281
What are the prime factors of 1960?
2, 5, 7
What are the prime factors of 78435?
3, 5, 7, 83
What are the prime factors of 279?
3, 31
What are the prime factors of 269?
269
What are the prime factors of 135?
3, 5
What are the prime factors of 106709?
17, 6277
What are the prime factors of 482?
2, 241
List the prime factors of 2279.
43, 53
List the prime factors of 33430.
2, 5, 3343
List the prime factors of 19125.
3, 5, 17
What are the prime factors of 7947?
3, 883
List the prime factors of 1107.
3, 41
List the prime factors of 70277.
31, 2267
What are the prime factors of 442?
2, 13, 17
List the prime factors of 1882.
2, 941
List the prime factors of 12453.
3, 7, 593
What are the prime factors of 545?
5, 109
What are the prime factors of 13433?
7, 19, 101
What are the prime factors of 1803?
3, 601
What are the prime factors of 8994?
2, 3, 1499
What are the prime factors of 2144?
2, 67
What are the prime factors of 843?
3, 281
What are the prime factors of 3583?
3583
What are the prime factors of 3658?
2, 31, 59
What are the prime factors of 104087?
104087
What are the prime factors of 34972?
2, 7, 1249
What are the prime factors of 1910?
2, 5, 191
What are the prime factors of 56307?
3, 137
List the prime factors of 831.
3, 277
What are the prime factors of 674?
2, 337
List the prime factors of 8048.
2, 503
List the prime factors of 708.
2, 3, 59
What are the prime factors of 3523?
13, 271
List the prime factors of 5272.
2, 659
What are the prime factors of 354?
2, 3, 59
What are the prime factors of 490?
2, 5, 7
List the prime factors of 1956.
2, 3, 163
What are the prime factors of 7232?
2, 113
List the prime factors of 5239.
13, 31
List the prime factors of 130.
2, 5, 13
What are the prime factors of 1053?
3, 13
What are the prime factors of 16048?
2, 17, 59
What are the prime factors of 58969?
109, 541
What are the prime factors of 6125?
5, 7
What are the prime factors of 3969?
3, 7
What are the prime factors of 351?
3, 13
What are the prime factors of 4536?
2, 3, 7
What are the prime factors of 763?
7, 109
List the prime factors of 170.
2, 5, 17
List the prime factors of 113.
113
What are the prime factors of 1221?
3, 11, 37
L